{"id":113,"date":"2014-12-02T12:47:06","date_gmt":"2014-12-02T11:47:06","guid":{"rendered":"http:\/\/www.kid.v630.ncsrv.de\/?page_id=113"},"modified":"2015-01-26T13:31:49","modified_gmt":"2015-01-26T12:31:49","slug":"hausverwaltung","status":"publish","type":"page","link":"https:\/\/www.kid-immo.de\/?page_id=113","title":{"rendered":"Hausverwaltung"},"content":{"rendered":"[vc_row][vc_column width=&#8221;1\/1&#8243;][vc_column_text]\n<h2>Unsere Dienstleistung &#8211; Hausverwaltung &#8211;<\/h2>\n<h3>Sie sind mit Ihrer Hausverwaltung unzufrieden?<\/h3>\n<p><strong>Wir sind Vorort, um zeitnah behilflich zu sein!!<\/strong><\/p>\n<p><strong>Das optimale Zusammenspiel von Preis, serviceorientierter Leistung und Qualit\u00e4t wird hier in jeder Hinsicht gro\u00df geschrieben. Sie bekommen Hilfe zu einem fairen Preis zu guten Konditionen!<\/strong><\/p>\n<p><strong><span class=\"blue\">Sachverstand und guter Umgang mit Geld zur Sicherung des Werterhaltes und Wertsteigerung Ihrer Immobilie, erfordern hochgradiges kaufm\u00e4nnisches Geschick und viel rechtliche und technische Kenntnisse. <\/span><\/strong><\/p>\n<p><strong>Die Immobilienwirtschaft besitzt innerhalb der Gesetzgebung nur ein geringes Ma\u00df an Vorgaben. Als Beispiel ist der Beruf des Immobilienverwalters oder Immobilienmaklers nicht gesch\u00fctzt. Jeder d\u00fcrfte in der Theorie Immobilien verwalten oder vermakeln.<\/strong><\/p>\n<p><strong><span class=\"blue\">Das Resultat fehlender Sachverst\u00e4ndigkeit: <\/span><\/strong><\/p>\n<p><strong>Unzufriedenheit und ein schlechter Ruf der Immobilienwirtschaft.<\/strong><\/p>\n<h2><strong><span class=\"red\">Unsere Leistungen f\u00fcr Sie:<\/span><\/strong><\/h2>\n<ul>\n<li><strong>Verwaltung von Wohnimmobilien nach dem Wohnungseigentumsgesetz<\/strong><\/li>\n<li><strong>Technische und kaufm\u00e4nnische Betreuung Ihrer Immobilie<\/strong><\/li>\n<li><strong>Transparente und leicht verst\u00e4ndliche Abrechnung<\/strong><\/li>\n<\/ul>\n<p><strong>\u00a0<\/strong><\/p>\n<h3>\u00dcberzeugen Sie sich von<br \/>\nunserem Service und unserer Qualit\u00e4t<\/h3>\n[\/vc_column_text][\/vc_column][\/vc_row]\n","protected":false},"excerpt":{"rendered":"<p>[vc_row][vc_column width=&#8221;1\/1&#8243;][vc_column_text] Unsere Dienstleistung &#8211; Hausverwaltung &#8211; Sie sind mit Ihrer Hausverwaltung unzufrieden? Wir sind Vorort, um zeitnah behilflich zu sein!! Das optimale Zusammenspiel von Preis, serviceorientierter Leistung und Qualit\u00e4t wird hier in jeder Hinsicht gro\u00df geschrieben. Sie bekommen Hilfe zu einem fairen Preis zu guten Konditionen! Sachverstand und guter Umgang mit Geld zur Sicherung des Werterhaltes und Wertsteigerung Ihrer Immobilie, erfordern hochgradiges kaufm\u00e4nnisches Geschick und viel rechtliche und technische Kenntnisse. Die Immobilienwirtschaft besitzt innerhalb der Gesetzgebung nur ein geringes Ma\u00df an Vorgaben. Als Beispiel ist der Beruf des Immobilienverwalters oder Immobilienmaklers nicht gesch\u00fctzt. Jeder d\u00fcrfte in der Theorie Immobilien verwalten oder vermakeln. Das Resultat fehlender Sachverst\u00e4ndigkeit: Unzufriedenheit und ein schlechter Ruf der Immobilienwirtschaft. Unsere Leistungen f\u00fcr Sie: Verwaltung von Wohnimmobilien nach dem Wohnungseigentumsgesetz Technische und kaufm\u00e4nnische Betreuung Ihrer Immobilie Transparente und leicht verst\u00e4ndliche Abrechnung \u00a0 \u00dcberzeugen Sie sich von unserem Service und unserer Qualit\u00e4t [\/vc_column_text][\/vc_column][\/vc_row]<\/p>\n","protected":false},"author":1,"featured_media":0,"parent":0,"menu_order":0,"comment_status":"closed","ping_status":"closed","template":"","meta":[],"_links":{"self":[{"href":"https:\/\/www.kid-immo.de\/index.php?rest_route=\/wp\/v2\/pages\/113"}],"collection":[{"href":"https:\/\/www.kid-immo.de\/index.php?rest_route=\/wp\/v2\/pages"}],"about":[{"href":"https:\/\/www.kid-immo.de\/index.php?rest_route=\/wp\/v2\/types\/page"}],"author":[{"embeddable":true,"href":"https:\/\/www.kid-immo.de\/index.php?rest_route=\/wp\/v2\/users\/1"}],"replies":[{"embeddable":true,"href":"https:\/\/www.kid-immo.de\/index.php?rest_route=%2Fwp%2Fv2%2Fcomments&post=113"}],"version-history":[{"count":12,"href":"https:\/\/www.kid-immo.de\/index.php?rest_route=\/wp\/v2\/pages\/113\/revisions"}],"predecessor-version":[{"id":635,"href":"https:\/\/www.kid-immo.de\/index.php?rest_route=\/wp\/v2\/pages\/113\/revisions\/635"}],"wp:attachment":[{"href":"https:\/\/www.kid-immo.de\/index.php?rest_route=%2Fwp%2Fv2%2Fmedia&parent=113"}],"curies":[{"name":"wp","href":"https:\/\/api.w.org\/{rel}","templated":true}]}}