{"id":117,"date":"2014-12-02T12:47:30","date_gmt":"2014-12-02T11:47:30","guid":{"rendered":"http:\/\/www.kid.v630.ncsrv.de\/?page_id=117"},"modified":"2015-01-07T08:54:36","modified_gmt":"2015-01-07T07:54:36","slug":"gebaeudereinigung","status":"publish","type":"page","link":"https:\/\/www.kid-immo.de\/?page_id=117","title":{"rendered":"Geb\u00e4udereinigung"},"content":{"rendered":"[vc_row][vc_column width=&#8221;1\/1&#8243;][vc_column_text]\n<h3><strong>Reinigung und Pflege bestimmen im Wesentlichen<\/strong><br \/>\n<strong> den Werterhalt einer Immobilie.<\/strong><\/h3>\n<p><strong><span class=\"red\">Wie \u00fcberall im Leben z\u00e4hlt:<\/span><\/strong><\/p>\n<p><strong>Einen guten ersten Eindruck gibt\u2019s nur einmal und kein zweites mal.<\/strong><\/p>\n<p><strong><span class=\"blue\">Hinterlassen Sie mit Ihrer Immobilie immer einen guten ersten Eindruck. <\/span><\/strong><\/p>\n<h3><strong><span class=\"red bigger\">Wir sind Vorort, um zeitnah behilflich zu sein!! <\/span><\/strong><\/h3>\n<h4><strong><span class=\"red\">Sie wohnen nur noch ! <\/span><\/strong><\/h4>\n<p><strong>Das optimale Zusammenspiel von Preis, serviceorientierter Leistung und Qualit\u00e4t wird hier in jeder Hinsicht gro\u00df geschrieben. Sie bekommen Hilfe zu einem fairen Preis zu guten Konditionen!<\/strong><\/p>\n<h3><strong><span class=\"red\">Unsere Leistungen f\u00fcr Sie:<\/span><\/strong><\/h3>\n<ul>\n<li><strong>Gr\u00fcndliche und vollst\u00e4ndige Unterhaltsreinigung von Treppenh\u00e4usern und weiteren Geb\u00e4udeteilen<\/strong><\/li>\n<li><strong>Glasreinigungen mit und ohne Rahmen<\/strong><\/li>\n<li><strong>Sonderreinigungen<\/strong><\/li>\n<\/ul>\n<h3><strong>\u00dcberzeugen Sie sich von<\/strong><br \/>\n<strong> unserem Service und unserer Qualit\u00e4t!<\/strong><\/h3>\n[\/vc_column_text][\/vc_column][\/vc_row]\n","protected":false},"excerpt":{"rendered":"<p>[vc_row][vc_column width=&#8221;1\/1&#8243;][vc_column_text] Reinigung und Pflege bestimmen im Wesentlichen den Werterhalt einer Immobilie. Wie \u00fcberall im Leben z\u00e4hlt: Einen guten ersten Eindruck gibt\u2019s nur einmal und kein zweites mal. Hinterlassen Sie mit Ihrer Immobilie immer einen guten ersten Eindruck. Wir sind Vorort, um zeitnah behilflich zu sein!! Sie wohnen nur noch ! Das optimale Zusammenspiel von Preis, serviceorientierter Leistung und Qualit\u00e4t wird hier in jeder Hinsicht gro\u00df geschrieben. Sie bekommen Hilfe zu einem fairen Preis zu guten Konditionen! Unsere Leistungen f\u00fcr Sie: Gr\u00fcndliche und vollst\u00e4ndige Unterhaltsreinigung von Treppenh\u00e4usern und weiteren Geb\u00e4udeteilen Glasreinigungen mit und ohne Rahmen Sonderreinigungen \u00dcberzeugen Sie sich von unserem Service und unserer Qualit\u00e4t! [\/vc_column_text][\/vc_column][\/vc_row]<\/p>\n","protected":false},"author":1,"featured_media":0,"parent":347,"menu_order":0,"comment_status":"closed","ping_status":"closed","template":"","meta":[],"_links":{"self":[{"href":"https:\/\/www.kid-immo.de\/index.php?rest_route=\/wp\/v2\/pages\/117"}],"collection":[{"href":"https:\/\/www.kid-immo.de\/index.php?rest_route=\/wp\/v2\/pages"}],"about":[{"href":"https:\/\/www.kid-immo.de\/index.php?rest_route=\/wp\/v2\/types\/page"}],"author":[{"embeddable":true,"href":"https:\/\/www.kid-immo.de\/index.php?rest_route=\/wp\/v2\/users\/1"}],"replies":[{"embeddable":true,"href":"https:\/\/www.kid-immo.de\/index.php?rest_route=%2Fwp%2Fv2%2Fcomments&post=117"}],"version-history":[{"count":11,"href":"https:\/\/www.kid-immo.de\/index.php?rest_route=\/wp\/v2\/pages\/117\/revisions"}],"predecessor-version":[{"id":611,"href":"https:\/\/www.kid-immo.de\/index.php?rest_route=\/wp\/v2\/pages\/117\/revisions\/611"}],"up":[{"embeddable":true,"href":"https:\/\/www.kid-immo.de\/index.php?rest_route=\/wp\/v2\/pages\/347"}],"wp:attachment":[{"href":"https:\/\/www.kid-immo.de\/index.php?rest_route=%2Fwp%2Fv2%2Fmedia&parent=117"}],"curies":[{"name":"wp","href":"https:\/\/api.w.org\/{rel}","templated":true}]}}